{"id":978,"date":"2019-06-23T16:12:04","date_gmt":"2019-06-23T16:12:04","guid":{"rendered":"http:\/\/itsource.us\/csucsu\/?page_id=978"},"modified":"2019-06-23T16:12:04","modified_gmt":"2019-06-23T16:12:04","slug":"tf-forum-2019-06-22","status":"publish","type":"page","link":"https:\/\/itsource.us\/csucsu\/tf-forum-2019-06-22\/","title":{"rendered":"TF F\u00f3rum 2019.06.22"},"content":{"rendered":"\n<p>Mikl\u00f3s azzal kezdte, hogy az el\u0151z\u0151 talin megbesz\u00e9ltek k\u00f6z\u00fcl mi mindenre \u00f6sszpontos\u00edtottak, mik val\u00f3sultak meg. Azt\u00e1n l\u00e1ssuk mik nem:<\/p>\n\n\n\n<ul class=\"wp-block-list\"><li>Felt\u00e9teles parancsok &#8222;megigaz\u00edt\u00e1sa&#8221; a karakterlapon. Itt vizu\u00e1lis igaz\u00edt\u00e1sr\u00f3l lenne sz\u00f3, j\u00f3 lenne valami l\u00e1tv\u00e1nyterv\u2026 h\u00e1t ha valakinek van kedve, ideje ezzel sz\u00f6szm\u00f6t\u00f6lni, akkor meg kellene tenni, \u00e9s azt megmutatni Mikl\u00f3snak<\/li><li>melyik m\u00e1sznival\u00f3n\u00e1l van kikapcsolva a +1 sz\u00f6rny -&gt; &#8222;ok\u00e9 ezt megcsin\u00e1ljuk&#8221;<\/li><li>inv\u00e1zi\u00f3s sz\u00f6rnyekre az FTV m\u0171k\u00f6dj\u00f6n (FTV 9089) -&gt; ig\u00e9ny lenne r\u00e1, Mikl\u00f3s szerint nehezen megval\u00f3s\u00edthat\u00f3, fel\u00edrta.<\/li><li>pr\u00f3ba elemz\u00e9se rendesen \u00edrja ki a pr\u00f3ba k\u00fcsz\u00f6b\u00f6t (nagyon gyorsan \u00e1tugrotta, egy &#8222;ok\u00e9 megcisn\u00e1ljuk&#8221; kijelent\u00e9ssel, megl\u00e1tjuk)<\/li><\/ul>\n\n\n\n<p>\u00e9s az \u00fajak:<\/p>\n\n\n\n<ul class=\"wp-block-list\"><li>A heti 20 limit mell\u00e9 a napi limitet emelj\u00fck fel. Mikl\u00f3s szerint ez pszichol\u00f3giailag nem m\u0171k\u00f6dne. Erre j\u00f6tt a javaslat, hogy 1 b\u00f3nusz felhaszn\u00e1l\u00e1s\u00e1val a napi limitet lehessen elt\u00f6r\u00f6lni arra az adott h\u00e9tre. \u00cdgy ha valakinek nagyon nagy sz\u00fcks\u00e9ge van r\u00e1, annak az ig\u00e9nye teljes\u00fcl, egy\u00e9bk\u00e9nt nem s\u00e9r\u00fcl a j\u00e1t\u00e9k alap mechanizmusa<\/li><li>Ryuku sz\u00e9l\u00e9r\u0151l ne lehessen buggal SF-re j\u00f6nni -> Konkr\u00e9t megkeres\u00e9s a support fel\u00e9, karaktersz\u00e1m, fordul\u00f3sz\u00e1mmal \u00e9s majd debugolj\u00e1k<\/li><li>\u00e1rcs\u00f6kkent\u00e9s -> Mikl\u00f3s sz\u00e1m\u00e1ra mindig \u00e9rz\u00e9keny t\u00e9ma, de hajlik r\u00e1, ha 10-n\u00e9l kevesebb parancs van a BUL-ben, akkor fele zseton legyen.<\/li><li>aranyterm\u0151 l\u00e1dik\u00f3 ne vonjon t\u00f6bb aranyat -> nem lesz ilyen, t\u00fal er\u0151s \u00edgy is.<\/li><li>itt (12. perct\u0151l kb) hossz\u00fa vita a TF anyagi v\u00e1ls\u00e1g\u00e1r\u00f3l (m\u00e1rmint a j\u00e1t\u00e9kon bel\u00fcli arany infl\u00e1ci\u00f3r\u00f3l) \u00e9s annak potenci\u00e1lis megold\u00e1s\u00e1r\u00f3l. Aranytermel\u00e9s, rabszolg\u00e1k, banki kamat(!), tolvajok p\u00e9nz (t\u00e1rgy, amit elad p\u00e9nz\u00e9rt) termel\u00e9se, NPC-k, szelenc\u00e9z\u00e9s, egykarakteres j\u00e1t\u00e9kosok vs multi-rabszolg\u00e1z\u00f3k vs multi-karakteresek (nem rabszolg\u00e1z\u00f3k), \u00e9s megold\u00e1s-\u00f6tletel\u00e9sek (az NJK-k elm\u00e1szk\u00e1lnak, korl\u00e1tozott lop\u00e1s), ker\u00fclj\u00f6n-e boltba korl\u00e1tlanul a top 4 lop\u00e1si t\u00e9tel (s\u00e1fr\u00e1ny\u00e1por, \u00e9ben manak\u0151, esszenciakrist\u00e1ly, kreiton agy)  stb stb, ha valaki erre nem kiv\u00e1ncsi skippelje 49perc 45mp-re.<br> Mikl\u00f3s \u00fagy \u00e9rzi a s\u00edkokon emelni kellene a kitermelhet\u0151 aranyon, a komoly rabszolg\u00e1z\u00f3knak mindegy, az egykaraktereseknek seg\u00edtene.<\/li><li>Ha TU max f\u00f6l\u00f6tt van \u00e9s a megvan a f\u00e1b\u00f3l a TUDATUNK HATALMA (560. TUDATI K\u00c9PESS\u00c9G) (MAXTU 2,5-szeresig lehet menni), akkor kapjunk TU-t Olimpi\u00e1n is, meg a VP->TU is.<\/li><li>Trinigan m\u0171k\u00f6dj\u00f6n BUL-ben is. A Var\u00e1zslat TVP k\u00f6lts\u00e9ge miatt nem haszn\u00e1lhat\u00f3<br> Mikl\u00f3s hajlik r\u00e1, hogy minden olyan dolog m\u0171k\u00f6dj\u00f6n a BUL-ben, ami &#8222;be\u00e1ll\u00edt\u00e1s&#8221;, az m\u0171k\u00f6dhessen. Megn\u00e9zi.<\/li><li>A fordul\u00f3nk\u00e9nt elfogy\u00f3 t\u00e1rgyakat lehessen levenni (pl. h\u00e1rtyacuccok) -> m\u0171k\u00f6dhet<\/li><li>Butas\u00e1g \u00e1r\u00e1t lehessen \u00e1ll\u00edtani BUL-ban. -> Megn\u00e9zik mit lehet tenni<\/li><li>V\u00e9d\u0151krist\u00e1ly er\u0151s fogy\u00e1sa -> titanitduk\u00e1tb\u00f3l lehet kiv\u00e1ltani, de a titanitduk\u00e1t+v\u00e9d\u0151krist\u00e1ly egy\u00fctt sem esik olyan gyorsan, mint ahogyan fogynak.<br> -> &#8222;majd erre kital\u00e1lunk valamit&#8221;<\/li><li>ryuku vad\u00e1szing beolvadjon -> \u00e9let s\u00edkj\u00e1ra beker\u00fclhet<\/li><li>BUL-ben lehessen ki\/be kapcsolni a m\u00e1sznival\u00f3k +1 szr\u00f6ny\u00e9t ->megintcsak BUL t\u00e9ma, megn\u00e9zik<\/li><li>az els\u0151 10 fordul\u00f3s free TF-et lehessen kitolni 50-ig, \u00e9s lehessen a v\u00e9g\u00e9n valami eredm\u00e9nyt h\u00edrdetni, esetleg olimpi\u00e1t b\u00e1r ezt Mikl\u00f3s m\u00e1r t\u00falz\u00e1snak \u00e9rzi. Azt\u00e1n ugyan\u00fagy ezen karaktereket aki akarja \u00e1tviheti az \u00e9lesbe. A l\u00e9nyege, hogy ki j\u00e1tszik \u00fcgyesebben az els\u0151 50 k\u00f6rben, mivel nincs interkaci\u00f3 (de az\u00e9rt egy kis random igen). -> Mikl\u00f3s megn\u00e9zi mennyi mel\u00f3, ingyen nem akar dolgozni sokat (\u00e9rthet\u0151)<\/li><li>automatikus Olimpi\u00e1ra jelentkez\u00e9s honlapon. Milk\u00f3s egyetlen agg\u00e1lya, hogy az Olimpia akkor is lefut, ha valakinek nincs zsetonja. Megold\u00e1si javaslat: csak akkor m\u0171k\u00f6dj\u00f6n az automatikus nevez\u00e9s, ha a karakternek van JB-je.<br> Mikl\u00f3s egyszer\u0171bb javaslata: H 1 50 9999 (ezut\u00e1n jelentkezek minden Olimpi\u00e1ra) \u00e9s akkor nem kell a honlapon \u00e1ll\u00edtani.<\/li><li>K\u00e9t fordul\u00f3 k\u00f6z\u00f6tt kapott t\u00e1rgyak teljes ki\u00edr\u00e1sa (10-es lista megsz\u00f6ntet\u00e9se), -> ehhez \u00e1t kellene \u00edrni az A-t az FA mint\u00e1j\u00e1ra (programoz\u00e1si h\u00e1tt\u00e9r)<\/li><li>befizet\u00e9sb\u0151l eloszthat\u00f3 extra b\u00f3nuszok kitol\u00e1sa 50-ig. Megoldhat\u00f3, aki most fizet be az v\u00e1rja meg. Aki m\u00e1r most elosztotta, az IJ.<\/li><li>\u00c9let F\u00f6ldje -> jelenleg 51%-n\u00e1l j\u00e1r a s\u00edk. \u00c1tveze\u0151 k\u00fcldisor, sz\u00f6rnyek k\u00e9sz, t\u00e1rgyak var\u00e1zslatok z\u00f6me k\u00e9sz, <br> A s\u00edk egy hatalmas buja dzsungel, ahol norm\u00e1l m\u00f3don nem lehet haladni, kell majd valami var\u00e1zslat. Auguszus k\u00f6rny\u00e9k\u00e9re prognosztiz\u00e1lja Mikl\u00f3s.<\/li><li>Dana k\u00e9r\u00e9se, hogy legyen valami pozit\u00edv is az \u00faj s\u00edkon ne csak az \u00e1lland\u00f3 sz*p\u00e1s. -> Mikl\u00f3s jegyzetelt valamit, majd megl\u00e1tjuk mit kapunk \ud83d\ude42<\/li><li>A v\u00e9g\u00e9n m\u00e9g a s\u00edkos kaja volt a t\u00e9ma, t\u00fal sok el\u0151nyt biztos\u00edt az \u00fcst\u00f6k\u00f6s\u00f6knek, sokkal t\u00f6bbet, mint a lad\u00e1knak, akiknek alapvet\u0151en k\u00e9sz\u00fclt. Egy halov\u00e1ny korl\u00e1t (pl. fordul\u00f3sz\u00e1m alapon) elf\u00e9rne a s\u00edkos kaj\u00e1n.<\/li><\/ul>\n\n\n\n<p>Video:<\/p>\n\n\n\n<figure class=\"wp-block-embed-youtube wp-block-embed is-type-video is-provider-youtube wp-embed-aspect-16-9 wp-has-aspect-ratio\"><div class=\"wp-block-embed__wrapper\">\n<iframe loading=\"lazy\" title=\"TF Forum by Beholder @Kondor 2019.06.22.\" width=\"604\" height=\"340\" src=\"https:\/\/www.youtube.com\/embed\/3eV4yHBblds?feature=oembed\" frameborder=\"0\" allow=\"accelerometer; autoplay; clipboard-write; encrypted-media; gyroscope; picture-in-picture; web-share\" referrerpolicy=\"strict-origin-when-cross-origin\" allowfullscreen><\/iframe>\n<\/div><\/figure>\n","protected":false},"excerpt":{"rendered":"<p>Mikl\u00f3s azzal kezdte, hogy az el\u0151z\u0151 talin megbesz\u00e9ltek k\u00f6z\u00fcl mi mindenre \u00f6sszpontos\u00edtottak, mik val\u00f3sultak meg. Azt\u00e1n l\u00e1ssuk mik nem: Felt\u00e9teles parancsok &#8222;megigaz\u00edt\u00e1sa&#8221; a karakterlapon. Itt vizu\u00e1lis igaz\u00edt\u00e1sr\u00f3l lenne sz\u00f3, j\u00f3 lenne valami l\u00e1tv\u00e1nyterv\u2026 h\u00e1t ha valakinek van kedve, ideje ezzel sz\u00f6szm\u00f6t\u00f6lni, akkor meg kellene tenni, \u00e9s azt megmutatni Mikl\u00f3snak melyik m\u00e1sznival\u00f3n\u00e1l van kikapcsolva a +1 &hellip; <a href=\"https:\/\/itsource.us\/csucsu\/tf-forum-2019-06-22\/\" class=\"more-link\"><span class=\"screen-reader-text\">TF F\u00f3rum 2019.06.22<\/span> b\u0151vebben&#8230; <span class=\"meta-nav\">&rarr;<\/span><\/a><\/p>\n","protected":false},"author":1,"featured_media":0,"parent":0,"menu_order":0,"comment_status":"closed","ping_status":"closed","template":"","meta":{"_lmt_disableupdate":"","_lmt_disable":"","footnotes":""},"class_list":["post-978","page","type-page","status-publish","hentry"],"_links":{"self":[{"href":"https:\/\/itsource.us\/csucsu\/wp-json\/wp\/v2\/pages\/978","targetHints":{"allow":["GET"]}}],"collection":[{"href":"https:\/\/itsource.us\/csucsu\/wp-json\/wp\/v2\/pages"}],"about":[{"href":"https:\/\/itsource.us\/csucsu\/wp-json\/wp\/v2\/types\/page"}],"author":[{"embeddable":true,"href":"https:\/\/itsource.us\/csucsu\/wp-json\/wp\/v2\/users\/1"}],"replies":[{"embeddable":true,"href":"https:\/\/itsource.us\/csucsu\/wp-json\/wp\/v2\/comments?post=978"}],"version-history":[{"count":1,"href":"https:\/\/itsource.us\/csucsu\/wp-json\/wp\/v2\/pages\/978\/revisions"}],"predecessor-version":[{"id":979,"href":"https:\/\/itsource.us\/csucsu\/wp-json\/wp\/v2\/pages\/978\/revisions\/979"}],"wp:attachment":[{"href":"https:\/\/itsource.us\/csucsu\/wp-json\/wp\/v2\/media?parent=978"}],"curies":[{"name":"wp","href":"https:\/\/api.w.org\/{rel}","templated":true}]}}