{"id":650,"date":"2017-06-17T20:34:44","date_gmt":"2017-06-17T20:34:44","guid":{"rendered":"http:\/\/itsource.us\/csucsu\/?page_id=650"},"modified":"2017-06-17T20:55:10","modified_gmt":"2017-06-17T20:55:10","slug":"tf-forum-2016-11-26","status":"publish","type":"page","link":"https:\/\/itsource.us\/csucsu\/tf-forum-2016-11-26\/","title":{"rendered":"TF F\u00f3rum 2016.11.26."},"content":{"rendered":"<p><a href=\"https:\/\/www.youtube.com\/watch?v=2fiSc872rkg\">video<\/a><\/p>\n<p><b>Pontokba szedve el\u0151sz\u00f6r v\u00e9gig ment\u00fcnk a GN-en felgy\u0171lt gondolatokon:<\/b><\/p>\n<p><i>&#8211; Lesz-e megvehet\u0151 j\u00e1t\u00e9kh\u00e9t emel\u00e9s \u00e9s ha igen meddig lehet venni, milyen form\u00e1ban \u00e9s mikor ker\u00fcl be?<\/i><br \/>\nIgen, 1-2 h\u00e9ten bel\u00fcl, 1500-ig lehet megvenni. Nem fog belesz\u00e1m\u00edtani a befizetsb\u0151l sz\u00e1rmaz\u00f3 b\u00f3nusz (max 300) \u00e9s a TF talis liciten (arany\/duk\u00e1t) vett extra, mely ezent\u00fal szerepelni fog valahol a sz\u00e1mlainf\u00f3kn\u00e1l<\/p>\n<p><i>&#8211; Mikor ker\u00fcl be a k\u00f6vetkez\u0151 l\u00e9ts\u00edk?<\/i><br \/>\nJ\u00f6v\u0151 h\u00e9ten beker\u00fcl a f\u00f6ld s\u00edkja, m\u00e1r k\u00e9szen van. 1-2 TK m\u00e9g majd beker\u00fcl oda, ami m\u00e9g nincs k\u00e9sz.<\/p>\n<p><i>&#8211; Mit tervez Mikl\u00f3s k\u00f6vetkez\u0151 eventnek, mire sz\u00e1m\u00edtsunk (hint, info-morzsa cs\u00f6p\u00f6gtet\u00e9s \u00e9s kb mikort\u00f3l tervezik?<\/i><br \/>\nA &#8222;v\u00e9gzet verme&#8221; lesz a k\u00f6vetkez\u0151 event, mely arr\u00f3l sz\u00f3l, hogy<br \/>\n* a karakterrel valamilyen m\u00f3don meg kell szerezni a labirintus kulcs\u00e1t<br \/>\n* innent\u0151l a labirintus(ok) szabadon l\u00e1togathat\u00f3ak, mez\u0151t\u0151l f\u00fcggetlen\u00fcl, k\u00f6r\u00f6nk\u00e9nt egyszer. A labirintusok ter\u00fcletre \u00c9S karaktererre szabottak \u00e9s egyre er\u0151s\u00f6dnek. A labikat b\u00e1rhonnan el lehet majd \u00e9rni (dimenzi\u00f3kaput nyitsz vagy ilyesmi), m\u0171k\u00f6dni fog r\u00e1juk a t\u00e9rk\u00e9pelemz\u00e9sek \u00e9s a p\u00f6rhem\u00f3r\/felsz\u00ednre ugr\u00e1s<br \/>\nA labirintusban meg\u00f6lt sz\u00f6rnyek\u00e9rt pontok j\u00e1rnak. Teljesen m\u00e1sk\u00e9pp fog egy\u00e9bk\u00e9nt m\u0171k\u00f6dni, mint a jelenlegi labirintusok (m\u00e1s strukt\u00fara)<br \/>\nLegkor\u00e1bban Febru\u00e1rban j\u00f6n.<\/p>\n<p><i>&#8211; Olimpia balanszol\u00e1sa: a 7-es kateg\u00f3ria t\u00falzottan sz\u00e9lesre ny\u00falt, m\u00edg az 1-5 kateg\u00f3ri\u00e1kat gyorsan kin\u00f6vik az emberek. E miatt a vonatkoz\u00f3 isteni k\u00fcldet\u00e9s is ma m\u00e1r sokkal nehezebb, kv\u00e1zi teljes\u00edthetetlen. Az els\u0151 5 szintet kicsit el k\u00e9nye ny\u00fajtani \u00e9s onnant\u00f3l fogadja el az isten ak\u00e1r a 3 vagy 4. kateg\u00f3ri\u00e1s helyez\u00e9st is.<\/i><br \/>\nNem lesz v\u00e1ltoztat\u00e1s, mivel a c\u00e9l nem a karakterer\u0151ss\u00e9gek azonos szinten tart\u00e1sa, adott kateg\u00f3ri\u00e1n bel\u00fcl, hanem a jelentkez\u0151k l\u00e9tsz\u00e1m\u00e1nak azonos eloszt\u00e1sa, mely jelenleg is k\u00f6zel azonos lett, \u00edgy ebben nem lesz v\u00e1ltoztat\u00e1s.<br \/>\nAz isteni k\u00fcldet\u00e9sek tekintet\u00e9ben lehet v\u00e1ltoztat\u00e1s, mely szerint m\u00e1r a 3. \u00e9s 4. kateg\u00f3ri\u00e1t is elfogadj\u00e1k az istenek.<\/p>\n<p><i>&#8211; Terveznek-e \u00fajabb olimpiai licites t\u00e9telt megvehet\u0151v\u00e9 tenni, avagy mire NE licit\u00e1ljunk?<\/i><br \/>\nNem.<\/p>\n<p><i>&#8211; Tervezik-e, hogy lehet\u0151v\u00e9 teszik az esti UL let\u00f6lt\u00e9st (nyilv\u00e1n automata m\u00f3dban)? T\u00e1mogatand\u00f3 azokat, akik munkaid\u0151ben dolgoznak, este sz\u00f3rakoznak.<\/i><br \/>\nNem, nem megval\u00f3s\u00edthat\u00f3, legink\u00e1bb a hibakezel\u00e9s miatt.<\/p>\n<p><i>&#8211; A netes aukci\u00f3n lehetne gyors\u00edtani? Kezdetnek el\u00e9g lehet, ha naponta j\u00e1r az \u00fcgyn\u00f6k, de a koppok gyors\u00edt\u00e1sa se lenne h\u00fclyes\u00e9g.<\/i><br \/>\nA koppok gyors\u00edt\u00e1sa nem lesz, viszont napi 1x H\u00e9tf\u0151t\u0151l P\u00e9ntekig j\u00e1rhat aukci\u00f3s \u00fcgyn\u00f6k.<\/p>\n<p><i>&#8211; Terveznek-e a j\u00f6v\u0151ben mell\u00e9kk\u00fcldet\u00e9seket a k\u00fcl\u00f6nb\u00f6z\u0151 S\u00edkokra? (teh\u00e1t ami nem f\u0151sodor \u00e9s nem \u00e1tvezet\u0151, hanem sz\u00ednes\u00edt\u0151)<\/i><br \/>\nJelenleg Nem. Az els\u0151 4 l\u00e9ts\u00edk (sorban: V\u00edz-F\u00f6ld-Leveg\u0151-T\u0171z) ut\u00e1n esetleg. Azt\u00e1n j\u00f6het a &#8222;s\u00edkos event&#8221;. <img decoding=\"async\" src=\"https:\/\/ghalla.pbm.hu\/gfx\/biggrin.gif\" border=\"0\" \/><\/p>\n<p><i>&#8211; Terveznek-e a k\u00f6zelj\u00f6v\u0151ben egy \u00fajabb t\u00e1rgy \u00e9s var\u00e1zslattervez\u0151 p\u00e1ly\u00e1zatot?<\/i><br \/>\nNem, de a T\u0171z l\u00e9ts\u00edkj\u00e1ra es\u00e9lyes egy esetleges sz\u00f6rnytervez\u0151 p\u00e1ly\u00e1zat.<\/p>\n<p><i>&#8211; Volna-e l\u00e9tjogosults\u00e1ga \u00e9s lehet\u0151s\u00e9ge egy instant, ingame titanitduk\u00e1tos keresked\u0151h\u00e1znak? Ez ak\u00e1r futhatna a talis duk\u00e1taukci\u00f3 mellett is! (ugye Elenios f\u00fclest meg lehet venni az istenekt\u0151l, m\u00e1s kev\u00e9sb\u00e9 common cuccokat is lehetne).<\/i><br \/>\nNem lesz ilyen, titanitduk\u00e1tot a talin tess\u00e9k elk\u00f6lteni.<\/p>\n<p><i>&#8211; Tov\u00e1bbi b\u00f3nuszok? (pl. MAK)<\/i><br \/>\nMakr\u00f3 nem lesz, egy\u00e9bk\u00e9nt meg b\u00e1rmi beker\u00fclthet ha van r\u00e1 \u00e9rtelmes \u00f6tlet. Ami beker\u00fclhet (az elhangzott \u00f6tletel\u00e9sek alapj\u00e1n):<br \/>\n* ritka t\u00e1rgyak bev\u00e1lt\u00e1sa 2:1 ar\u00e1nyban (csak l\u00e9ts\u00edkos itemekre)<br \/>\n* k\u00e9k goly\u00f3k rezetel\u00e9se<br \/>\n* olyan szilmill ami kilesi az immunkrist\u00e1lyt<br \/>\n* immunkrist\u00e1ly v.2.0<br \/>\n* Eldereth szil\u00e1nk (nyugaton lehet TK-t rezetelni, de a szil\u00e1nk nagyon ritka)<br \/>\n* olyan t\u00e1rgy ami drasztikusan megn\u00f6veli a ritka t\u00e1rgyak tal\u00e1l\u00e1si es\u00e9ly\u00e9t 2 ter\u00fclettel vissz\u00e1bbig. P\u00e9lda: A leveg\u0151 s\u00edkj\u00e1r\u00f3l a v\u00edz s\u00edkj\u00e1ra visszamenve m\u00e1r az\u00e9rt essen rendesen a h\u00e1rtyacuccok, ne kelljen t\u00f6bb t\u00edz k\u00f6rt farmoni, csak p\u00e1r k\u00f6rt.<br \/>\n** Fairlight sz\u00fcty\u0171je kib\u0151v\u00edteni 10 helyett 15 vagy 20-ig lehet megvenni.<\/p>\n<p><i>&#8211; Kincskeres\u00e9s revamp (a s\u00edkokon ugye levitt\u00e9k, de rendszeresen felmer\u00fcl az, hogy pl. neves l\u00e9nyek ritka kincsei eset\u00e9n halmoz\u00f3d\u00f3 es\u00e9ly legyen, ne j\u00e1rjon valaki \u00fagy, hogy le\u00f6l 20+ neves l\u00e9nyt, de m\u00e9g mindig nem l\u00e1tott bel\u0151le ritka kincset).<\/i><br \/>\nIlyen nem lesz, de l\u00e1sd b\u00f3nuszok.<\/p>\n<p><i>&#8211; FNO. Terveznek-e \u00fajakat? Felmer\u00fclt pl. EF-el\u00e9ssel kapcsolatos (szintenk\u00e9nt cs\u00f6kkenten\u00e9 a TVP, vagy ak\u00e1r a TU k\u00f6lts\u00e9get is), vagy \u00e9pp a t\u00f6bb k\u00f6r\u00f6s csata es\u00e9ly\u00e9t n\u00f6vel\u0151 (azaz nagyobb es\u00e9llyel j\u00f6n be a hal\u00e1lt\u00e1nc \/ extenzi\u00f3). De ha nyitott a vezet\u00e9s, akkor lehetne teret adni, hogy agyaljanak err\u0151l a n\u00e9pek (felvezet\u0151 rendszerben is ak\u00e1r, pl., hogy csak az pakolhat erre, aki el\u00e9rt m\u00e1r a s\u00edkokra &#8211; \u00edgy er\u0151sebbnek \u00e9rz\u0151d\u0151ket is lehet csin\u00e1lni, pl. neves sz\u00f6rnyek es\u00e9ly\u00e9nek n\u00f6vel\u00e9s\u00e9t vagy ilyesmiket)<\/i><br \/>\nJelenleg 3 szabad slot van FNO k\u00e9pess\u00e9gekre (adatb\u00e1zis m\u00e9ret korl\u00e1toz\u00e1sok miatt). Ker\u00fclhet be \u00faj FNO, de annak olyannak kell lennie, amire van \u00e9rteleme elk\u00f6lteni.<br \/>\nAz elt\u00fcn\u0151 sz\u00f6rnyek elleni FNO, illetve a fix, vagy k\u00f6zel fix 5 k\u00f6r\u00f6s harc \u00f6tlete (pl. FNO szintenk\u00e9nt +1% es\u00e9ly a hal\u00e1lt\u00e1ncra)<\/p>\n<p><i>&#8211; Tov\u00e1bbi KT k\u00e9pess\u00e9gek a f\u00e1ban (\u00faj \u00e1g, vagy n\u00f6velt szintek), terv szintj\u00e9n vannak-e?<\/i><br \/>\nNincsenek, \u00e9s egyel\u0151re terveben sincs. Vagyis el\u0151sz\u0151r X KT maxolja ki a F\u00e1t, tal\u00e1n majd ut\u00e1na.<\/p>\n<p><i>&#8211; Fejvad\u00e1szc\u00e9h beker\u00fcl\u00e9se keletre (koponya gy\u0171r\u0171 \u00e9s fejvad\u00e1sz med\u00e1l).<\/i><br \/>\nEs\u00e9lyes, hogy beker\u00fcl keletre<\/p>\n<p><i>&#8211; Kragoru isz\u00e1kja keletre. Az ut\u00f3bbi id\u0151ben el\u00e9g sok minden v\u00e1lt megszerezhet\u0151v\u00e9 nyugaton a keleti dolgokb\u00f3l, ig\u00e9ny lenne ugyanerre visszafele is.<\/i><br \/>\nEz is lehet, hogy beker\u00fcl keletre<\/p>\n<p><i>&#8211; J\u00f3 lenne valamilyen m\u00f3dszer a k\u00fcl\u00f6nb\u00f6z\u0151 ter\u00fcletek ritka kincseinek cser\u00e9j\u00e9re. Lehet, hogy a r\u00e9gebbi ter\u00fcletekre ez kev\u00e9sb\u00e9 \u00e1ll, de pl. a V\u00edz s\u00edkj\u00e1n egy h\u00e1rtyacucc cser\u00e9l\u0151 lehet\u0151s\u00e9g j\u00f3l j\u00f6nne; ha kell a h\u00e1rtyak\u00f6peny, de nincs, viszont van h\u00e1rtyakarik\u00e1m, tudjak cser\u00e9lni.<\/i><br \/>\n&#8211; l\u00e1sd fentebb, b\u00f3nuszb\u00f3l<\/p>\n<p><i>&#8211; BUL-ban tov\u00e1bbi parancsok enged\u00e9lyez\u00e9se: KOKI, FKER, KOTB, BEAJ, KIEN, BEEN, KOTF, ERKI (amelyiknek TVP k\u00f6tls\u00e9ge van, azt elt\u00f6r\u00f6lni). Na j\u00f3, az ERKI, meg a KOTF lehetnek kiv\u00e9telek, azokra tess\u00e9k csak parancshelyet \u00e9s TVP-t k\u00f6lteni. Olyan EK parancsok enged\u00e9lyez\u00e9se, amik be\u00e1ll\u00edtanak valamit, de semmi k\u00f6lts\u00e9g\u00fck nincs (pl. totem, butas\u00e1g \u00e1ra, harci m\u00e1gia, stb.)<\/i><br \/>\nNem lesz v\u00e9g\u00fcl v\u00e1ltoztat\u00e1s, ami TVP-be ker\u00fcl az nem lehets\u00e9ges. EK parancs sem lehets\u00e9ges, mert az EK \u00e1ltal\u00e1ban TVP-vel j\u00e1r \u00e9s \u00edgy kiv\u00e9tel list\u00e1t k\u00e9ne b\u0151v\u00edteni, amit Mikl\u00f3s nem akar.<\/p>\n<p><i>&#8211; Azonos sz\u00e1ml\u00e1n l\u00e9v\u0151 karakterek \u00e1ltal haszn\u00e1lhat\u00f3 k\u00f6z\u00f6s bank. Ebbe beker\u00fclhetn\u00e9nek bizonyos nem \u00e1tadhat\u00f3 t\u00e1rgyak is (pl. a h\u00e1rtyacuccok, tleikan manak\u0151, Niagren v\u00e1llas, D. tegez, Kr\u0151zus, Tharr koron\u00e1ja, quwarg krist\u00e1ly, moa antigrav, moa antirad, moa molekul\u00e1tor, stb. &#8211; a teljes list\u00e1n addig nem \u00e9ri meg gondolkozni, am\u00edg nincs legal\u00e1bb elvi megegyez\u00e9s).<br \/>\nN\u00e9h\u00e1ny korl\u00e1ttal, mint pl. olimpiai jelentkez\u00e9s ut\u00e1n nem lehet t\u00e1rgyat berakni vagy hogy olyan karaktert nem lehet \u00e1tadni, akin\u00e9l van olyan nem \u00e1tadhat\u00f3 t\u00e1rgy, ami a k\u00f6z\u00f6s sz\u00e9fbe rakhat\u00f3 (\u00faj kateg\u00f3ria az \u00e1tadhat\u00f3\/nem \u00e1tadhat\u00f3\/nem lophat\u00f3 mell\u00e9).<\/i><br \/>\nNem lesz ilyen.<\/p>\n<p><i>&#8211; MXTU \u00e1tad\u00e1sa KT sz\u00f6vets\u00e9gen bel\u00fcl<\/i><br \/>\nEz meg fog val\u00f3sulni.<\/p>\n<p><i>&#8211; H\u00f3pelyhes kupa beker\u00fcl\u00e9se nyugati \u00e9s 220+-os &#8222;jeges&#8221; labirintusokba.<\/i><br \/>\nBeker\u00fclhet.<\/p>\n<p><i>&#8211; V\u00edz isten vallas &#8211; dragnit fokolhatosag, itt jelenleg sz\u0171k a keresztmetszet<\/i><br \/>\nA t\u00fcnd\u00f6kl\u0151 dragnit \u00e9s metadragnit FOK-olhat\u00f3s\u00e1ga ki lesz b\u0151v\u00edtve.<\/p>\n<p><i>&#8211; A TF fordul\u00f3k \u00e1r\u00e1nak \u00fajragondol\u00e1sa. Leveleztem err\u0151l Mikl\u00f3ssal \u00e9s nem ellenezte a dolgot (konkr\u00e9tan azt \u00edrta, hogy nyitott a dologra, ha tal\u00e1lunk j\u00f3 megold\u00e1st).<\/i><br \/>\nEzzel nem tudom mi lett, Mikl\u00f3s azt mondta ezt k\u00fcl\u00f6n kellene megbesz\u00e9lni majd nem sokkal ez ut\u00e1n tov\u00e1bbi programok int\u00e9z\u00e9se miatt t\u00e1vozott a f\u00f3rumr\u00f3l.<\/p>\n<p><i>&#8211; Az ingyenesen kipr\u00f3b\u00e1lhat\u00f3 verzi\u00f3ban legal\u00e1bb az els\u0151 20 fordul\u00f3t engedni a 10 helyett. Ugyancsak az ingyenesben elt\u00f6r\u00f6lni a napi 1 UL &#8211; 1 fordul\u00f3 lehet\u0151s\u00e9g\u00e9t \u00e9s engedni ak\u00e1r egy nap lel\u00e9pni az ingyenes keretet. Jelenleg mire valaki lel\u00e9pi a 10-et 10 nap alatt ink\u00e1bb elmegy a kedve mint megj\u00f6n.<\/i><br \/>\nAz ingyenesen kipr\u00f3b\u00e1lhat\u00f3 TF verzi\u00f3ban a napi l\u00e9p\u00e9si limit ki lesz tolva ugyan\u00fagy 3-ra. M\u00e1s v\u00e1ltoztat\u00e1s nem lesz.<\/p>\n<p><i>&#8211; T\u00f6bb let\u00f6lt\u00e9s \u00e9s kik\u00fcld\u00e9s. Ak\u00e1r a jelenlegi l\u00e9phet\u0151 napi 3 megtart\u00e1sa mellett is. \u00cdgy ha valaki kihagyna 1-2 let\u00f6lt\u00e9st mert \u00e9ppen dolgozik, vagy csal\u00e1dozik vagy b\u00e1rmi, att\u00f3l m\u00e9g a napi limitet tudn\u00e1 tartani. (Nem lehetne ezt teljesen automatiz\u00e1lni egy\u00e9bk\u00e9nt? 7\/24-ben \u00f3r\u00e1nk\u00e9nt 1 let\u00f6lt\u00e9s \u00e9s 1 kik\u00fcld\u00e9s. A napi keret helyett heti \u00e9s mindenki \u00fagy l\u00e9pi le ahogy tudja, akarja.) <\/i><br \/>\nNem lesz, l\u00e1sd fentebb.<\/p>\n<p><i>&#8211; Mi a helyzet a szuperpszivel?<\/i><br \/>\nEgyel\u0151re nem lesz, nincs r\u00e1 \u00f6tlet.<\/p>\n<p><i>&#8211; B\u00f3nuszok \u00fajraoszt\u00e1sa \/ visszavon\u00e1sa.<\/i><br \/>\nNem lesz.<\/p>\n<p><i>&#8211; Csapdakeszites- csapdaeszleles kerdese. Jelenleg raguval mindketto 1000-ig huzhato, de keszitesre ott a csapda alcazasa vari, ami magas tau mellett + 150-200 szintet is jelenthet.<\/i><br \/>\nNem lesz v\u00e1ltoz\u00e1s.<\/p>\n<p><i>&#8211; Azon t\u00e1rgyak, melyekb\u0151l t\u00f6bb darab is \u00f6sszead\u00f3dik, ha a karaktern\u00e9l van, azokn\u00e1l mouse-over tipn\u00e9l fel lenne t\u00fcntetve, hogy h\u00e1ny darabig ad\u00f3dik \u00f6ssze. Jelenleg csak p\u00e1r ilyen t\u00e1rgy van, amin\u00e9l ki\u00edrja, pl. Dendeitren gy\u0171r\u0171je, moa antigrav, moa antirad. Ha f\u00f6l\u00e9 viszem az egeret, ki\u00edrja, hogy : (X darab \u00f6sszead\u00f3dik). Illetve a tubark\u0151 (#700) is \u00edrja csak kicsit m\u00e1sk\u00e9pp. Ezt j\u00f3l lenne megval\u00f3s\u00edtva l\u00e1tni minden hasonl\u00f3 t\u00e1rgyn\u00e1l, m\u00e9g akkor is, ha tapasztalati \u00faton mondjuk tudjuk m\u00e1r, hogy h\u00e1ny db ad\u00f3dik \u00f6ssze. Amik hirtelen eszembe jutnak, de tetsz\u00e9s szerint b\u0151v\u00edthet\u0151 : Morgan szil\u00e1nkja (#508), m\u00e1gikus pulz\u00e1ns (#542), zyel kataliz\u00e1tor (#896), kockagy\u00e9m\u00e1nt (#914), draklen bubor\u00e9k (#1326) (csak, hogy egys\u00e9ges legyen a sz\u00f6vegez\u00e9s), r\u00fanakrist\u00e1ly (#1481), kronokrist\u00e1ly (#1636) (tudom, \u00edrja az enc, de egy tooltipet meg\u00e9rne), trix m\u00e1giaf\u00f3kusz (#1711), Baurtac krist\u00e1lya (#1724), dimenzi\u00f3rekesz (#1938), \u00e9ben m\u00e1giaf\u00f3kusz (#2048) (ebb\u0151l ugye alapb\u00f3l 20, b\u00f3nusszal 40), meg b\u00e1rmilyen \u00faj t\u00e1rgy ami m\u00e9g \u00edgy beker\u00fcl.<\/i><br \/>\nEz meg lesz val\u00f3s\u00edtva, a fenti t\u00e1rgyakra, ha van m\u00e9g ig\u00e9ny ilyenre, jelezz\u00fck (teh\u00e1t ha valamely t\u00e1rgy kimaradt a felsorol\u00e1sb\u00f3l)<\/p>\n<p>&#8212;&#8212;&#8212;&#8212;&#8212;&#8212;&#8212;&#8212;&#8212;<\/p>\n<p><b>Innent\u0151l szabad besz\u00e9lget\u00e9s:<\/b><\/p>\n<p><b>F\u00f6ld s\u00edkja:<\/b><br \/>\n* Az eg\u00e9sz egy gig\u00e1szi barangrendszer lesz<br \/>\n* Az \u00e1tvezet\u0151 k\u00fcldisor a V\u00edz s\u00edkj\u00e1n van<br \/>\n* Az \u00e1tvezet\u0151 k\u00fcldisor teljes\u00edt\u00e9s\u00e9nek nem felt\u00e9tele a v\u00edz s\u00edkj\u00e1n tal\u00e1lhat\u00f3 k\u00fcldisor (szir\u00e1nusz bubor\u00e9kh\u00e1z) teljes\u00edt\u00e9se<br \/>\n* K\u00e9rni fognak 1-1-et minden h\u00e1rtyacuccb\u00f3l (b\u0171vitalb\u00f3l NEM), azokat le kell adni<br \/>\n* Szererzz aj\u00e1nl\u00e1st Tharrhoz (majd kider\u00fcl)<br \/>\n* Lehet majd b\u00e1ny\u00e1szni, b\u00e1ny\u00e1szcs\u00e1k\u00e1ny \u00e9s Tr\u00e1kin cs\u00e1k\u00e1ny nem fog m\u0171k\u00f6dni<br \/>\n&#8211; lesz \u00faj elfoghat\u00f3 \u00e1s\u00f3 sz\u00f6rny<br \/>\n&#8211; mithril, adamantit \u00e9s titanit lesz b\u00e1ny\u00e1szat\u00f3<br \/>\n* minden sz\u00f6rnyed viheted magaddal \u00e9s m\u0171k\u00f6dni fog<br \/>\n* a jokonbia v\u00e9g\u00fclis nem der\u00fclt ki fog-e m\u0171k\u00f6dni (de a leveg\u0151 s\u00edkj\u00e1n igen, s\u0151t jobban)<br \/>\n* sz\u00fcks\u00e9g lesz valami sp\u00e9ci m\u00f3dszerre a l\u00e1t\u00e1shoz<br \/>\n* sok \u00faj cucc \u00e9s t\u00e1rgy lesz, sokat er\u0151s\u00edtenek a karaktereken. \u00f6sszevont t\u00e1rgy nem lesz (mint a v\u00edzsten cuccok)<br \/>\n* a h\u00e1rtyacuccoknak nem lesz aternat\u00edv\u00e1ja\/nagytestv\u00e9re a f\u00f6ld s\u00edkj\u00e1n<br \/>\n* lesznek \u00faj isteni k\u00fcldik, n\u00e9h\u00e1ny \u00faj varival (lesz labiban megszerezhet\u0151 var\u00e1zslat is), illetve ahol nem var\u00e1zslatot kapsz, hanem +10 VP regn-t, na ott VP regn. lesz, hanem +10 max \u00c9P.<\/p>\n<p><b>V\u00edz s\u00edkja:<\/b><br \/>\n* a v\u00edz nem fog fogyni ezent\u00fal (ha megcsin\u00e1lj\u00e1k)<\/p>\n<p><b>Semleges TK<\/b> \/ druida k\u00f6nt\u00f6s stb&#8230; elvileg ez a TK nincs benn a j\u00e1t\u00e9kban -&gt; ut\u00e1nan\u00e9znek<\/p>\n<p><b>r\u00e9gi\/ritka\/egyedi <\/b>, ma m\u00e1r nem agy \u00e9rt\u00e9kkel rendelkez\u0151 <b>t\u00e1rgyak <\/b>beker\u00fcl\u00e9se a j\u00e1t\u00e9kba ak\u00e1r kincsk\u00e9nt az \u00faj eventbe.<br \/>\npl. thargodan kark\u00f6t\u0151, csodakark\u00f6t\u0151, dalebgad krist\u00e1lyl\u00e1ndzsa, fekete karv\u00e9d\u0151, moa harci nadr\u00e1g stb&#8230; ezeket \u00f6ssze kell gy\u0171jteni, a JV nem l\u00e1tja akad\u00e1ly\u00e1t.<\/p>\n<p><b>besz\u00e9lget\u00e9s az Olimpi\u00e1r\u00f3l..<\/b>.<br \/>\nb\u0171vital m\u00f3dos\u00edt\u00e1sa sz\u00fcks\u00e9ges, hogy k\u00f6v. k\u00f6r elej\u00e9ig tartson, k\u00fcl\u00f6nben nem m\u0171k\u00f6dik Olimpi\u00e1n<\/p>\n<p><b>Reformat b\u0151v\u00edt\u00e9s<\/b><br \/>\nteo\/tau\/pszi er\u0151ss\u00e9g ki\u00edrat\u00e1sa a kar.lapra<br \/>\nvp regn levezet\u00e9se kar.lapra<br \/>\n+tp \u00e9rt\u00e9kek (b\u00f3nuszok) ki\u00edrat\u00e1sa (csak sz\u00f6rnyekre)<\/p>\n","protected":false},"excerpt":{"rendered":"<p>video Pontokba szedve el\u0151sz\u00f6r v\u00e9gig ment\u00fcnk a GN-en felgy\u0171lt gondolatokon: &#8211; Lesz-e megvehet\u0151 j\u00e1t\u00e9kh\u00e9t emel\u00e9s \u00e9s ha igen meddig lehet venni, milyen form\u00e1ban \u00e9s mikor ker\u00fcl be? Igen, 1-2 h\u00e9ten bel\u00fcl, 1500-ig lehet megvenni. Nem fog belesz\u00e1m\u00edtani a befizetsb\u0151l sz\u00e1rmaz\u00f3 b\u00f3nusz (max 300) \u00e9s a TF talis liciten (arany\/duk\u00e1t) vett extra, mely ezent\u00fal szerepelni fog &hellip; <a href=\"https:\/\/itsource.us\/csucsu\/tf-forum-2016-11-26\/\" class=\"more-link\"><span class=\"screen-reader-text\">TF F\u00f3rum 2016.11.26.<\/span> b\u0151vebben&#8230; <span class=\"meta-nav\">&rarr;<\/span><\/a><\/p>\n","protected":false},"author":1,"featured_media":0,"parent":0,"menu_order":0,"comment_status":"closed","ping_status":"closed","template":"","meta":{"_lmt_disableupdate":"","_lmt_disable":"","footnotes":""},"class_list":["post-650","page","type-page","status-publish","hentry"],"_links":{"self":[{"href":"https:\/\/itsource.us\/csucsu\/wp-json\/wp\/v2\/pages\/650","targetHints":{"allow":["GET"]}}],"collection":[{"href":"https:\/\/itsource.us\/csucsu\/wp-json\/wp\/v2\/pages"}],"about":[{"href":"https:\/\/itsource.us\/csucsu\/wp-json\/wp\/v2\/types\/page"}],"author":[{"embeddable":true,"href":"https:\/\/itsource.us\/csucsu\/wp-json\/wp\/v2\/users\/1"}],"replies":[{"embeddable":true,"href":"https:\/\/itsource.us\/csucsu\/wp-json\/wp\/v2\/comments?post=650"}],"version-history":[{"count":2,"href":"https:\/\/itsource.us\/csucsu\/wp-json\/wp\/v2\/pages\/650\/revisions"}],"predecessor-version":[{"id":666,"href":"https:\/\/itsource.us\/csucsu\/wp-json\/wp\/v2\/pages\/650\/revisions\/666"}],"wp:attachment":[{"href":"https:\/\/itsource.us\/csucsu\/wp-json\/wp\/v2\/media?parent=650"}],"curies":[{"name":"wp","href":"https:\/\/api.w.org\/{rel}","templated":true}]}}