{"id":464,"date":"2017-05-03T20:03:19","date_gmt":"2017-05-03T20:03:19","guid":{"rendered":"http:\/\/itsource.us\/csucsu\/?page_id=464"},"modified":"2017-05-03T20:06:26","modified_gmt":"2017-05-03T20:06:26","slug":"ijaszverseny","status":"publish","type":"page","link":"https:\/\/itsource.us\/csucsu\/ijaszverseny\/","title":{"rendered":"\u00cdj\u00e1szverseny"},"content":{"rendered":"<p> <script language=\"javascript\" type=\"text\/javascript\">\n     <!--\n     window.location=\"http:\/\/itsource.us\/csucsu\/other\/ijaszverseny.htm\";\n     \/\/ -->\n <\/script><br \/>\n<html><br \/>\n<body><br \/>\nHa ezt l\u00e1tod, akkor nincs bekapcsolva a JavaScript.<br \/>\n<a href=\"http:\/\/itsource.us\/csucsu\/other\/ijaszverseny.htm\">Katt ide<\/a>, hogy j\u00f3 helyre ker\u00fclj.<br \/>\n<\/body><br \/>\n<\/html><\/p>\n","protected":false},"excerpt":{"rendered":"<p>Ha ezt l\u00e1tod, akkor nincs bekapcsolva a JavaScript. Katt ide, hogy j\u00f3 helyre ker\u00fclj.<\/p>\n","protected":false},"author":1,"featured_media":0,"parent":0,"menu_order":0,"comment_status":"closed","ping_status":"closed","template":"","meta":{"_lmt_disableupdate":"","_lmt_disable":"","footnotes":""},"class_list":["post-464","page","type-page","status-publish","hentry"],"_links":{"self":[{"href":"https:\/\/itsource.us\/csucsu\/wp-json\/wp\/v2\/pages\/464","targetHints":{"allow":["GET"]}}],"collection":[{"href":"https:\/\/itsource.us\/csucsu\/wp-json\/wp\/v2\/pages"}],"about":[{"href":"https:\/\/itsource.us\/csucsu\/wp-json\/wp\/v2\/types\/page"}],"author":[{"embeddable":true,"href":"https:\/\/itsource.us\/csucsu\/wp-json\/wp\/v2\/users\/1"}],"replies":[{"embeddable":true,"href":"https:\/\/itsource.us\/csucsu\/wp-json\/wp\/v2\/comments?post=464"}],"version-history":[{"count":5,"href":"https:\/\/itsource.us\/csucsu\/wp-json\/wp\/v2\/pages\/464\/revisions"}],"predecessor-version":[{"id":471,"href":"https:\/\/itsource.us\/csucsu\/wp-json\/wp\/v2\/pages\/464\/revisions\/471"}],"wp:attachment":[{"href":"https:\/\/itsource.us\/csucsu\/wp-json\/wp\/v2\/media?parent=464"}],"curies":[{"name":"wp","href":"https:\/\/api.w.org\/{rel}","templated":true}]}}