{"id":209,"date":"2016-12-10T15:50:18","date_gmt":"2016-12-10T15:50:18","guid":{"rendered":"http:\/\/itsource.us\/csucsu\/?page_id=209"},"modified":"2023-07-20T16:10:22","modified_gmt":"2023-07-20T16:10:22","slug":"csak-kulccsal","status":"publish","type":"page","link":"https:\/\/itsource.us\/csucsu\/csak-kulccsal\/","title":{"rendered":"csak kulccsal nyithat\u00f3 z\u00e1rak"},"content":{"rendered":"Last Updated on 2023-07-20 by <a href=\"\" target=\"_blank\" class=\"last-modified-author\">sp<\/a>\n<h2><\/h2>\n<p>Az al\u00e1bbi helyeken el\u0151fordul\u00f3 ajt\u00f3k \/ l\u00e1d\u00e1k csak a megfelel\u0151 kulccsal ny\u00edlnak, nem lehet azokat semmilyen m\u00e1s m\u00f3don kinyitni.<\/p>\n<p><b>137. labirintus<\/b> (Zarknod \u00f3nixpiramisa (#695) sorozat)<br \/>\naz \u00f6sszes ajt\u00f3 a labirintusban csak kulccsal ny\u00edlik. A r\u00f6vid bej\u00e1r\u00e1shoz kell:<\/p>\n<ul>\n<li>2 db k\u00e1oszkulcs<\/li>\n<li>2 db brill azttar kulcs<\/li>\n<li>1 db dizen kulcs<\/li>\n<li>1 db norgat kulcs<\/li>\n<\/ul>\n<p><b>143. labirintus<\/b> (Hoari\u00e1n falu, (#726) m\u00e1sodik labirintus)<br \/>\n2. szint 4-5: moa k\u00e1rtya<br \/>\n2. szint 10-11: moa k\u00e1rtya<\/p>\n<p><b>144. labirintus<\/b> (Nemesi palota, Sawaki (#728) els\u0151 labirintus)<br \/>\n4. szint 5-7: ogwawa kulcs<\/p>\n<p><strong>189. labirintus<\/strong> (S\u00e1m\u00e1nkunyh\u00f3, Nyugat)<br \/>\n7-8 : nagy bronzkulcs<br \/>\n18. ponton l\u00e9v\u0151 l\u00e1da: kis aranykulcs<br \/>\n26. ponton l\u00e9v\u0151 l\u00e1da: bronzkulcs<\/p>\n<p><b>195. labirintus<\/b> (Ryuku toborz\u00f3irod\u00e1ban adj\u00e1k (447,97))<br \/>\n3. szint 3-4: draklen kulcs<\/p>\n<p><b>203. labirintus<\/b> (Gan\u00fcid t\u00e1jol\u00f3g\u00f6mbb\u0151l)<br \/>\n1. szint 58-59: \u00e9jkulcs<\/p>\n<p><strong>200. labirintus<\/strong> (Gan\u00fcid t\u00e1jol\u00f3g\u00f6mbb\u0151l)<br \/>\n51-es ponton l\u00e9v\u0151 l\u00e1da: \u00e9jkulcs<\/p>\n<p><b>203. labirintus<\/b> (Gan\u00fcid t\u00e1jol\u00f3g\u00f6mbb\u0151l)<br \/>\n77. ponton l\u00e9v\u0151 l\u00e1da : \u00e9jkulcs<\/p>\n<p><b>206. labirintus<\/b> (Nemesi h\u00e1z, Sawaki (#772))<br \/>\n1. szint 19-58: krist\u00e1ly kulcs<\/p>\n<p><b>207. labirintus<\/b> (Nemesi h\u00e1z, Sawaki (#772))<br \/>\n9-10 : krist\u00e1ly kulcs<\/p>\n<p><b>210. labirintus<\/b> (Cs\u00e1sz\u00e1ri palota (#787) els\u0151 labirintusa)<br \/>\n4. szint 36-37: ogwawa kulcs<br \/>\n4. szint 37. ponton l\u00e1da: ogwawa kulcs<\/p>\n<p><b>212. labirintus<\/b> (Cs\u00e1sz\u00e1ri palota (#787) utols\u00f3 labirintusa)<br \/>\n2. szint 49-50: k\u00e1oszkulcs<br \/>\n3. szint 37-38: k\u00e1oszkulcs<\/p>\n<p><strong>228. labirintus<\/strong> (S\u00e1tort\u00e1bor (#832) els\u0151 labirintusa)<br \/>\n4-5: szir\u00e1nusz krist\u00e1ly<br \/>\n7. ponton l\u00e1da : szir\u00e1nusz krist\u00e1ly<\/p>\n<p><b>235. labirintus<\/b> (KF-es m\u00ednoszk\u00fap)<br \/>\n4. szint 64-70: \u00e9jkulcs<\/p>\n<p><b>237. labirintus<\/b> (KF-es m\u00ednoszk\u00fap)<br \/>\n4. szint 22-29: \u00e9jkulcs<\/p>\n<p><b>238. labirintus<\/b> (KF-es m\u00ednoszk\u00fap)<br \/>\n1. szint<br \/>\n6-11: hal\u00e1lfej szimb\u00f3lum<br \/>\n15-16: esthari gy\u00f6ngykulcs<br \/>\n15-20: titanit kulcs<br \/>\n27-32: hal\u00e1lfej szimb\u00f3lum<br \/>\n36-37: esthari gy\u00f6ngykulcs<br \/>\n36-41: titanit kulcs<br \/>\n46-95: ryuku r\u00fanakulcs<br \/>\n48-50: krist\u00e1ly kulcs<br \/>\n50-55: hal\u00e1lfej szimb\u00f3lum<br \/>\n62-63: esthari gy\u00f6ngykulcs<br \/>\n62-67: titanit kulcs<br \/>\n72-74: krist\u00e1ly kulcs<br \/>\n74-75: hal\u00e1lfej szimb\u00f3lum<br \/>\n86-87: esthari gy\u00f6ngykulcs<br \/>\n86-91: titanit kulcs<br \/>\n96-97: ryuku r\u00fanakulcs<\/p>\n<p>2. szint<br \/>\n8-10: hal\u00e1lfej szimb\u00f3lum<br \/>\n12-13: esthari gy\u00f6ngykulcs<br \/>\n12-14: titanit kulcs<br \/>\n19-21: hal\u00e1lfej szimb\u00f3lum<br \/>\n23-24: titanit kulcs<br \/>\n23-25: esthari gy\u00f6ngykulcs<br \/>\n27-56: ryuku r\u00fanakulcs<br \/>\n29-31: krist\u00e1ly kulcs<br \/>\n35-36: esthari gy\u00f6ngykulcs<br \/>\n35-37: titanit kulcs<br \/>\n39-41: hal\u00e1lfej szimb\u00f3lum<br \/>\n43-45: krist\u00e1ly kulcs<br \/>\n49-51: hal\u00e1lfej szimb\u00f3lum<br \/>\n53-54: titanit kulcs<br \/>\n53-55: esthari gy\u00f6ngykulcs<br \/>\n57-58: ryuku r\u00fanakulcs<\/p>\n<p>3. szint<br \/>\n6-8: hal\u00e1lfej szimb\u00f3lum<br \/>\n9-10: esthari gy\u00f6ngykulcs<br \/>\n9-11: tit\u00e1n kulcs<br \/>\n15-17: hal\u00e1lfej szimb\u00f3lum<br \/>\n18-19: titanit kulcs<br \/>\n18-20: esthari gy\u00f6ngykulcs<br \/>\n22-47: ryuku r\u00fanakulcs<br \/>\n24-26: krist\u00e1lykulcs<br \/>\n29-31: esthari gy\u00f6ngykulcs<br \/>\n29-30: titanit kulcs<br \/>\n32-34: hal\u00e1lfej szimb\u00f3lum<br \/>\n36-38: krist\u00e1lykulcs<br \/>\n41-42: hal\u00e1lfej szimb\u00f3lum<br \/>\n44-45: tianit kulcs<br \/>\n44-46: esthari gy\u00f6ngykulcs<br \/>\n48-49: ryuku r\u00fanakulcs<\/p>\n<p><strong>259. labirintus<\/strong> (Szir\u00e1nusz bubor\u00e9kh\u00e1z I. labirintusa)<br \/>\nminden ajt\u00f3 : krist\u00e1lypecs\u00e9t<\/p>\n<p><strong>260. labirintus<\/strong> (Szir\u00e1nusz bubor\u00e9kh\u00e1z II. labirintusa)<br \/>\nminden ajt\u00f3 : krist\u00e1lypecs\u00e9t<\/p>\n<p>&nbsp;<\/p>\n","protected":false},"excerpt":{"rendered":"<p>Az al\u00e1bbi helyeken el\u0151fordul\u00f3 ajt\u00f3k \/ l\u00e1d\u00e1k csak a megfelel\u0151 kulccsal ny\u00edlnak, nem lehet azokat semmilyen m\u00e1s m\u00f3don kinyitni. 137. labirintus (Zarknod \u00f3nixpiramisa (#695) sorozat) az \u00f6sszes ajt\u00f3 a labirintusban csak kulccsal ny\u00edlik. A r\u00f6vid bej\u00e1r\u00e1shoz kell: 2 db k\u00e1oszkulcs 2 db brill azttar kulcs 1 db dizen kulcs 1 db norgat kulcs 143. labirintus &hellip; <a href=\"https:\/\/itsource.us\/csucsu\/csak-kulccsal\/\" class=\"more-link\"><span class=\"screen-reader-text\">csak kulccsal nyithat\u00f3 z\u00e1rak<\/span> b\u0151vebben&#8230; <span class=\"meta-nav\">&rarr;<\/span><\/a><\/p>\n","protected":false},"author":1,"featured_media":0,"parent":0,"menu_order":0,"comment_status":"closed","ping_status":"closed","template":"","meta":{"_lmt_disableupdate":"no","_lmt_disable":"","footnotes":""},"class_list":["post-209","page","type-page","status-publish","hentry"],"_links":{"self":[{"href":"https:\/\/itsource.us\/csucsu\/wp-json\/wp\/v2\/pages\/209","targetHints":{"allow":["GET"]}}],"collection":[{"href":"https:\/\/itsource.us\/csucsu\/wp-json\/wp\/v2\/pages"}],"about":[{"href":"https:\/\/itsource.us\/csucsu\/wp-json\/wp\/v2\/types\/page"}],"author":[{"embeddable":true,"href":"https:\/\/itsource.us\/csucsu\/wp-json\/wp\/v2\/users\/1"}],"replies":[{"embeddable":true,"href":"https:\/\/itsource.us\/csucsu\/wp-json\/wp\/v2\/comments?post=209"}],"version-history":[{"count":9,"href":"https:\/\/itsource.us\/csucsu\/wp-json\/wp\/v2\/pages\/209\/revisions"}],"predecessor-version":[{"id":1164,"href":"https:\/\/itsource.us\/csucsu\/wp-json\/wp\/v2\/pages\/209\/revisions\/1164"}],"wp:attachment":[{"href":"https:\/\/itsource.us\/csucsu\/wp-json\/wp\/v2\/media?parent=209"}],"curies":[{"name":"wp","href":"https:\/\/api.w.org\/{rel}","templated":true}]}}