{"id":14,"date":"2016-10-29T19:14:49","date_gmt":"2016-10-29T19:14:49","guid":{"rendered":"http:\/\/itsource.us\/csucsu\/?page_id=14"},"modified":"2020-11-05T21:55:54","modified_gmt":"2020-11-05T21:55:54","slug":"tf-format-offline-hasznalata","status":"publish","type":"page","link":"https:\/\/itsource.us\/csucsu\/tf-format-offline-hasznalata\/","title":{"rendered":"TF Format (Offline) haszn\u00e1lata"},"content":{"rendered":"Last Updated on 2020-11-05 by <a href=\"\" target=\"_blank\" class=\"last-modified-author\">sp<\/a>\n<h2><\/h2>\n<p><b>A TF format egy seg\u00e9dprogram, amit Erynome fejlesztett a TF-es fordul\u00f3k kin\u00e9zet\u00e9nek egyedi szem\u00e9lyre szab\u00e1s\u00e1hoz, valamint sok hasznos funkci\u00f3val rendelkezik, mint t\u00e1rgylista, \u00e9s akt\u00edv var\u00e1zslatok figyel\u00e9se, t\u00e1rgyak s\u00falya \u00e9s \u00e1ra, t\u00e1rgycsoportok kezel\u00e9se<\/b><\/p>\n<p>A kezel\u00e9se b\u00e1r nem bonyolult, mint kider\u00fclt nem mindenki sz\u00e1m\u00e1ra egy\u00e9rtelm\u00fb \u00e9s komolyabb help h\u00edjj\u00e1n \u00e9n dobtam \u00f6ssze egy le\u00edr\u00e1st, hogy kell haszn\u00e1lni, rem\u00e9lem hasznotokra lesz<\/p>\n<p><b>Miut\u00e1n leszedted <a href=\"http:\/\/erynome.hu\/tf\/\">Ery TF-formatj\u00e1t<\/a> a k\u00f6vetkez\u00f5 a teend\u00f5 (jelenleg 1.17-es a legfrisebb):<\/b><\/p>\n<p><img decoding=\"async\" src=\"http:\/\/itsource.us\/csucsu\/old\/tf_pic\/tfformat_01.png\" \/><br \/>\nLegyen a p\u00e9ldakarakter karaktersz\u00e1ma : 1234<\/p>\n<p><b>1. Kicsomagolod, mert zippelve van. Pl. Total Commander megcsin\u00e1lja, de 1000 f\u00e9le k\u00e9pp ki lehet csomagolni. \u00c9n pl. csin\u00e1ltam a TF-es k\u00f6nyvt\u00e1rba egy &#8222;tfformat&#8221; mapp\u00e1t, de b\u00e1rhova rakhatod, \u00edzl\u00e9s szerint.<\/b><\/p>\n<p><img decoding=\"async\" src=\"http:\/\/itsource.us\/csucsu\/old\/tf_pic\/tfformat_02.png\" \/><\/p>\n<p><img decoding=\"async\" src=\"http:\/\/itsource.us\/csucsu\/old\/tf_pic\/tfformat_03.png\" \/><\/p>\n<p><b>2. A tfformat.ini -b\u00f5l csin\u00e1lsz m\u00e1solatot, a legegyszer\u00fbbb karaktersz\u00e1mmal b\u00f5v\u00edtve, hogy felismerd : tfformat_1234.ini<br \/>\n<\/b> <img decoding=\"async\" src=\"http:\/\/itsource.us\/csucsu\/old\/tf_pic\/tfformat_04.png\" \/><\/p>\n<p><b>3. Ezt ut\u00e1na b\u00e1rmilyen sz\u00f6vegszerkeszt\u00f5vel (pl. notepad) tudod szerkeszteni. Nagyon sok mindent lehet itt \u00e1ll\u00edtani, mindenki elolvashatja az ini file-t, p\u00e1r olyan dologt emeln\u00e9k ki, amit \u00e9n speciel haszn\u00e1lok :<\/b><\/p>\n<p><i>&#8211; TulNagySuly=10<\/i><br \/>\nEz azokat a t\u00e1rgyakat fogja kiemelni a t\u00e1rgylist\u00e1ban amiknek az \u00f6ssz s\u00falya (mennyis\u00e9g*db) meghaladja a 10 kil\u00f3t. Ha a 10-et \u00e1t\u00edrod 20-ra akkor \u00e9rtelemszer\u00fben annyit n\u00e9z.<br \/>\nEzzel gyorsan szelkt\u00e1lhat\u00f3, hogy mit\u00f5l vagy t\u00falterhelve.<\/p>\n<p><i>[FORMAT_FIGYELES]<br \/>\nArtoSpellek=291,294,333<\/i><br \/>\nEzek ugye azon var\u00e1zslatok sorsz\u00e1mai, vessz\u00f5vel elv\u00e1lasztva, amik k\u00e1rosak ha rajtad vannak t\u00e1boroz\u00e1skor, ezeket figyeli \u00e9s figyelmezet, ha kell<\/p>\n<p><i>FigyeltSpellek=1,14,169<\/i><br \/>\nIde j\u00f6hetnek azok a var\u00e1zslatok sorsz\u00e1ma, vessz\u00f5vel elv\u00e1lasztva, amiknek a hi\u00e1nya a gond. P\u00e9ld\u00e1ul: v\u00e1mpiriz\u00e1ci\u00f3, \u00e1ldom\u00e1s II \u00e9s m\u00e9regsemleges\u00edt\u00e9s eset\u00e9n : 1,14,169 de lehet 169,1,14 is, azaz a sorrend mindegy.<\/p>\n<p><i>FigyeltTargyak=259&gt;0,1&lt;10 stb stb<\/i><br \/>\n\u00c9rtelemszer\u00fben ide is a t\u00e1rgyak sorsz\u00e1ma j\u00f6n, amiket figyelni szeretn\u00e9l a k\u00f6vetkez\u00f5 k\u00e9pp:<br \/>\n<b>[t\u00e1rgy][rel\u00e1ci\u00f3s_jel][db]<\/b> \u00e9s ezek felsorol\u00e1s vessz\u00f5vel elv\u00e1lasztva.<\/p>\n<p>pl. a fenti p\u00e9lda: <b>259&gt;0,1&lt;10<\/b> figyel \u00e9s jelzi HA: 0-n\u00e1l t\u00f6bb szop\u00f3k\u00f5 van n\u00e1lad, vagy a DEM-jeid sz\u00e1ma 10 al\u00e1 esett (10 db-n\u00e1l m\u00e9g nem, 9-n\u00e9l m\u00e1r jelez)<br \/>\nIde j\u00f6het minden hasznos cucc ami kellhet: angyalok gy\u00fbr\u00fbje, l\u00f6ved\u00e9kek, DEM, rem\u00e1k sz\u00edv, spell komponensek b\u00e1rmi j\u00f6het ide.<br \/>\n\u00dagy c\u00e9lszer\u00fb bel\u00f5ni a hat\u00e1rokat, hogy 4-5 k\u00f6rre elegend\u00f5 maradjon n\u00e1lad, mert nem biztos, hogy azonnal tudod p\u00f3tolni a hi\u00e1nyt. Pl. angyalok gy\u00fbr\u00fbje n\u00e1lam 150-n\u00e9l m\u00e1r vis\u00edt, DEM 40-n\u00e9l, l\u00f6ved\u00e9kek 100-n\u00e1l, titanit 20 -n\u00e1l.<br \/>\nAz olyan t\u00e1rgyakat is be lehet tenni figyel\u00f5be ami szimpl\u00e1n \u00e9rdekel, hogy mennyi van n\u00e1lad \u00e9n pl a safik\u00f6vet (979 kisebbmint 500) raktam be, \u00edgy egyb\u00f5l l\u00e1tom, hogy mennyi van n\u00e1lam nem kell t\u00farni a t\u00e1rgylist\u00e1t.<\/p>\n<p>Ha ez megvan, az ini file-t elmented \u00e9s akkor m\u00e1r csak 1 l\u00e9p\u00e9s van :<\/p>\n<p><b>4. L\u00e9tre kell hoznod egy \u00faj sz\u00f6veges \u00e1llom\u00e1nyt a k\u00f6vetkez\u00f5 tartalommal Ez mehet megint notepad (jegyzett\u00f6mb) seg\u00edts\u00e9g\u00e9vel, vagy Total Commanderb\u00f5l :<\/b><\/p>\n<p><img decoding=\"async\" src=\"http:\/\/itsource.us\/csucsu\/old\/tf_pic\/tfformat_05.png\" \/><\/p>\n<table border=\"1\" cellpadding=\"10\">\n<tbody>\n<tr>\n<td>tfformat.exe \/ini=tfformat_1234.ini \/t \/o \/user=N\u00c9V \/pass=JELSZ\u00d3 \/kar=1234 \/ford=utolso<\/td>\n<\/tr>\n<\/tbody>\n<\/table>\n<p><img decoding=\"async\" src=\"http:\/\/itsource.us\/csucsu\/old\/tf_pic\/tfformat_06.png\" \/><\/p>\n<p>\u00c9rtelemszer\u00fben a <b>N\u00c9V<\/b> illetve a <b>JELSZ\u00d3<\/b> az amivel bel\u00e9psz weben a honlapra:<\/p>\n<p><img decoding=\"async\" src=\"http:\/\/itsource.us\/csucsu\/old\/tf_pic\/tfformat_08.png\" \/><\/p>\n<p><b>5. Ezt ut\u00e1na elmented egy file-ba amit elnevezhetsz b\u00e1rhogy, de .bat -ra kell v\u00e9gz\u00f5dnie, c\u00e9lszer\u00fben pl. <u>Karaktern\u00e9v.bat<\/u> vagy ilyesmi<\/b><\/p>\n<p><img decoding=\"async\" src=\"http:\/\/itsource.us\/csucsu\/old\/tf_pic\/tfformat_07.png\" \/><\/p>\n<p>Ut\u00e1na ezt a file-t (p\u00e9ld\u00e1nkban Gipsz_Jakab.bat n\u00e9ven elmentett file) kell futtatni (dupla kattint\u00e1s \/ enter). Ez egyb\u00f5l bel\u00e9p a felhaszn\u00e1l\u00f3n\u00e9v\/jelsz\u00f3val, let\u00f6lti a karakter utols\u00f3 fordul\u00f3j\u00e1t ebbe a k\u00f6nyvt\u00e1rba, majd meg is form\u00e1zza \u00e9s megnyitja a megform\u00e1zott file-t.<\/p>\n<p><img decoding=\"async\" src=\"http:\/\/itsource.us\/csucsu\/old\/tf_pic\/tfformat_09.png\" \/><\/p>\n","protected":false},"excerpt":{"rendered":"<p>A TF format egy seg\u00e9dprogram, amit Erynome fejlesztett a TF-es fordul\u00f3k kin\u00e9zet\u00e9nek egyedi szem\u00e9lyre szab\u00e1s\u00e1hoz, valamint sok hasznos funkci\u00f3val rendelkezik, mint t\u00e1rgylista, \u00e9s akt\u00edv var\u00e1zslatok figyel\u00e9se, t\u00e1rgyak s\u00falya \u00e9s \u00e1ra, t\u00e1rgycsoportok kezel\u00e9se A kezel\u00e9se b\u00e1r nem bonyolult, mint kider\u00fclt nem mindenki sz\u00e1m\u00e1ra egy\u00e9rtelm\u00fb \u00e9s komolyabb help h\u00edjj\u00e1n \u00e9n dobtam \u00f6ssze egy le\u00edr\u00e1st, hogy kell haszn\u00e1lni, &hellip; <a href=\"https:\/\/itsource.us\/csucsu\/tf-format-offline-hasznalata\/\" class=\"more-link\"><span class=\"screen-reader-text\">TF Format (Offline) haszn\u00e1lata<\/span> b\u0151vebben&#8230; <span class=\"meta-nav\">&rarr;<\/span><\/a><\/p>\n","protected":false},"author":1,"featured_media":0,"parent":0,"menu_order":0,"comment_status":"closed","ping_status":"closed","template":"","meta":{"_lmt_disableupdate":"no","_lmt_disable":"","footnotes":""},"class_list":["post-14","page","type-page","status-publish","hentry"],"_links":{"self":[{"href":"https:\/\/itsource.us\/csucsu\/wp-json\/wp\/v2\/pages\/14","targetHints":{"allow":["GET"]}}],"collection":[{"href":"https:\/\/itsource.us\/csucsu\/wp-json\/wp\/v2\/pages"}],"about":[{"href":"https:\/\/itsource.us\/csucsu\/wp-json\/wp\/v2\/types\/page"}],"author":[{"embeddable":true,"href":"https:\/\/itsource.us\/csucsu\/wp-json\/wp\/v2\/users\/1"}],"replies":[{"embeddable":true,"href":"https:\/\/itsource.us\/csucsu\/wp-json\/wp\/v2\/comments?post=14"}],"version-history":[{"count":3,"href":"https:\/\/itsource.us\/csucsu\/wp-json\/wp\/v2\/pages\/14\/revisions"}],"predecessor-version":[{"id":1068,"href":"https:\/\/itsource.us\/csucsu\/wp-json\/wp\/v2\/pages\/14\/revisions\/1068"}],"wp:attachment":[{"href":"https:\/\/itsource.us\/csucsu\/wp-json\/wp\/v2\/media?parent=14"}],"curies":[{"name":"wp","href":"https:\/\/api.w.org\/{rel}","templated":true}]}}