{"id":1242,"date":"2023-09-03T12:45:18","date_gmt":"2023-09-03T12:45:18","guid":{"rendered":"https:\/\/itsource.us\/csucsu\/?page_id=1242"},"modified":"2023-09-03T12:45:18","modified_gmt":"2023-09-03T12:45:18","slug":"kalandozzunk-sikok","status":"publish","type":"page","link":"https:\/\/itsource.us\/csucsu\/kalandozzunk-sikok\/","title":{"rendered":"Kalandozzunk &#8211; S\u00edkok"},"content":{"rendered":"<p><strong>L\u00e9ts\u00edkok<\/strong><\/p>\n","protected":false},"excerpt":{"rendered":"<p>L\u00e9ts\u00edkok<\/p>\n","protected":false},"author":1,"featured_media":0,"parent":0,"menu_order":0,"comment_status":"closed","ping_status":"closed","template":"","meta":{"_lmt_disableupdate":"","_lmt_disable":"","footnotes":""},"class_list":["post-1242","page","type-page","status-publish","hentry"],"_links":{"self":[{"href":"https:\/\/itsource.us\/csucsu\/wp-json\/wp\/v2\/pages\/1242","targetHints":{"allow":["GET"]}}],"collection":[{"href":"https:\/\/itsource.us\/csucsu\/wp-json\/wp\/v2\/pages"}],"about":[{"href":"https:\/\/itsource.us\/csucsu\/wp-json\/wp\/v2\/types\/page"}],"author":[{"embeddable":true,"href":"https:\/\/itsource.us\/csucsu\/wp-json\/wp\/v2\/users\/1"}],"replies":[{"embeddable":true,"href":"https:\/\/itsource.us\/csucsu\/wp-json\/wp\/v2\/comments?post=1242"}],"version-history":[{"count":1,"href":"https:\/\/itsource.us\/csucsu\/wp-json\/wp\/v2\/pages\/1242\/revisions"}],"predecessor-version":[{"id":1244,"href":"https:\/\/itsource.us\/csucsu\/wp-json\/wp\/v2\/pages\/1242\/revisions\/1244"}],"wp:attachment":[{"href":"https:\/\/itsource.us\/csucsu\/wp-json\/wp\/v2\/media?parent=1242"}],"curies":[{"name":"wp","href":"https:\/\/api.w.org\/{rel}","templated":true}]}}