{"id":10,"date":"2016-10-29T19:14:28","date_gmt":"2016-10-29T19:14:28","guid":{"rendered":"http:\/\/itsource.us\/csucsu\/?page_id=10"},"modified":"2016-12-18T09:51:45","modified_gmt":"2016-12-18T09:51:45","slug":"labirintus-bejarasok","status":"publish","type":"page","link":"https:\/\/itsource.us\/csucsu\/labirintus-bejarasok\/","title":{"rendered":"Labirintus bej\u00e1r\u00e1sok"},"content":{"rendered":"<p><a href=\"http:\/\/itsource.us\/csucsu\/tudnivalok-a-bejarasokrol\/\"><strong>Tudnival\u00f3k a bej\u00e1r\u00e1sokr\u00f3l<\/strong><\/a><\/p>\n<p><a href=\"http:\/\/itsource.us\/csucsu\/labirintus-tarhaz\/\"><strong>Bej\u00e1r\u00e1sok \u00e9s t\u00e9rk\u00e9pek<\/strong><\/a><\/p>\n","protected":false},"excerpt":{"rendered":"<p>Tudnival\u00f3k a bej\u00e1r\u00e1sokr\u00f3l Bej\u00e1r\u00e1sok \u00e9s t\u00e9rk\u00e9pek<\/p>\n","protected":false},"author":1,"featured_media":0,"parent":0,"menu_order":0,"comment_status":"closed","ping_status":"closed","template":"","meta":{"_lmt_disableupdate":"","_lmt_disable":"","footnotes":""},"class_list":["post-10","page","type-page","status-publish","hentry"],"_links":{"self":[{"href":"https:\/\/itsource.us\/csucsu\/wp-json\/wp\/v2\/pages\/10","targetHints":{"allow":["GET"]}}],"collection":[{"href":"https:\/\/itsource.us\/csucsu\/wp-json\/wp\/v2\/pages"}],"about":[{"href":"https:\/\/itsource.us\/csucsu\/wp-json\/wp\/v2\/types\/page"}],"author":[{"embeddable":true,"href":"https:\/\/itsource.us\/csucsu\/wp-json\/wp\/v2\/users\/1"}],"replies":[{"embeddable":true,"href":"https:\/\/itsource.us\/csucsu\/wp-json\/wp\/v2\/comments?post=10"}],"version-history":[{"count":9,"href":"https:\/\/itsource.us\/csucsu\/wp-json\/wp\/v2\/pages\/10\/revisions"}],"predecessor-version":[{"id":273,"href":"https:\/\/itsource.us\/csucsu\/wp-json\/wp\/v2\/pages\/10\/revisions\/273"}],"wp:attachment":[{"href":"https:\/\/itsource.us\/csucsu\/wp-json\/wp\/v2\/media?parent=10"}],"curies":[{"name":"wp","href":"https:\/\/api.w.org\/{rel}","templated":true}]}}